Let d be s(-19). What is the greatest common divisor of d and 156?
39
Let j(z) = -93*z + 516. Let w be j(4). Calculate the highest common factor of 45 and w.
9
Let l = -1 - -18. Let t be ((60/(-50))/(-3))/((-4)/(-10)). What is the greatest common divisor of t and l?
1
Let y(h) = -h**2 - 7*h + 6. Let u be y(-5). Let x = 72 + -70. Suppose 1120 = 8*c + x*c. Calculate the greatest common factor of c and u.
16
Suppose -8 = o - 27. Let n = o + -8. Calculate the greatest common divisor of n and 11.
11
Suppose -9*x = -12*x + 84. Suppose -2*y = -4*y - 6, -2*q + 5*y = -17. Let g be (245/x)/(q/4). What is the highest common divisor of g and 5?
5
Let r = 69 + 155. Calculate the greatest common factor of 140 and r.
28
Let g(t) = -t**3 + 10*t**2 - 6*t - 3. Let j be g(9). Let o(r) = -6*r**2 + 85*r + 22. Let k be o(14). What is the highest common factor of j and k?
12
Suppose 0 = -101*d + 36859 + 17277. What is the highest common divisor of d and 67?
67
Let g(t) = -t**2 - 11*t - 11. Let k be g(-10). Let h be -2 - (-2 + k - 1). Suppose -4 = -3*a + h. Calculate the highest common factor of 6 and a.
2
Let a(v) = 2*v**2 + 7*v - 7. Let i be a(-6). Let h(q) = q**2 + 4*q - 31. Let g = 183 - 171. Let u be h(g). Calculate the greatest common factor of u and i.
23
Let h = -218 + 229. Let y = -52 + 96. Calculate the highest common divisor of h and y.
11
Suppose -18*t + 154 = -7*t. Let y = 26 + t. Calculate the greatest common factor of y and 60.
20
Let i be 19/2 - (-39)/(-26). Suppose -i*b = -4*b - 364. Calculate the highest common divisor of 13 and b.
13
Let j(z) = -z + 1. Let b(a) = 3*a - 4. Let w(n) = 4*b(n) + 11*j(n). Let f be w(13). Let g = 201 - 129. Calculate the highest common factor of g and f.
8
Let z be (2 + -12 - 3)/1. Let g = 93 + z. Calculate the highest common factor of 8 and g.
8
Suppose 5*q + 37 = 92. Suppose -12 = 7*h - q*h. Suppose -2*l + 5*u + 78 = 0, 3*l + 4*u - h*u - 151 = 0. What is the highest common factor of 7 and l?
7
Suppose 31*p = 36*p - 700. Suppose -y - 35 = -2*y. Calculate the highest common factor of p and y.
35
Let v(m) = m**3 + 9*m**2 - m - 6. Suppose 2*q + 4*n + 34 = 0, -2*n + 8 = -4*n. Let u be v(q). Calculate the greatest common factor of u and 3.
3
Suppose -6*u = -15*u + 540. What is the greatest common divisor of 60 and u?
60
Let d be 3*((41 - 1) + 1). Calculate the highest common factor of 41 and d.
41
Let q(r) = 28*r - 160. Let p be q(7). Calculate the highest common factor of 27 and p.
9
Suppose -r - 31*r = -12800. What is the highest common factor of r and 70?
10
Let b(j) = -j**2 + 15*j + 4. Let o(y) = -y**2 + y + 1. Let m(f) = b(f) - 2*o(f). Let s be m(-15). What is the highest common divisor of 256 and s?
32
Suppose 163*u - 170*u + 14 = 0. What is the greatest common factor of 86 and u?
2
Suppose -19 = 5*i - 4. Let v be (i/(2/(-2)))/1. Suppose -2*u + 2234 = 2174. What is the greatest common divisor of u and v?
3
Let w be ((-16)/(-14))/(4/14). Let y be 211 - w*(-3)/(-4). What is the highest common factor of y and 26?
26
Let y = -38 - -148. Let w be 4/(-5)*y/(-4). What is the highest common divisor of 176 and w?
22
Let y = 78 - 74. Let u(q) = q**3 + 10*q**2 - 13*q + 6. Let k be u(-11). Calculate the highest common factor of y and k.
4
Suppose -33*l - 11160 = -53*l. What is the highest common factor of 81 and l?
9
Suppose -31*b - 21 = -34*b. Suppose k - 48 = -b*j + 3*j, k = -2*j + 52. What is the highest common divisor of k and 14?
14
Let h(u) = 4*u**2 + 6*u + 15. Let v be h(-4). Suppose -3*y + 20 + v = 0. Suppose -5 = -2*o + 5. What is the greatest common factor of y and o?
5
Let v = -158 + 329. Calculate the highest common factor of v and 9.
9
Let m(x) = -15*x - 7. Let f be (-4)/(4*(-4)/(-8)). Let s be m(f). What is the greatest common divisor of 69 and s?
23
Suppose -2*m - 36 = 62. Let v = -10 - m. What is the highest common divisor of 26 and v?
13
Let o = -832 - -866. Calculate the greatest common factor of 17 and o.
17
Let w = 37 + -2. Let f(o) = o**2 - 19*o + 85. Let c be f(6). What is the greatest common divisor of c and w?
7
Let c = -30 + 33. Let l be (-6)/((-18)/75)*c. Suppose 28 = 2*d + 4*r - 16, 146 = 5*d + r. Calculate the greatest common factor of d and l.
15
Let b = 789 + -168. What is the greatest common divisor of b and 23?
23
Let a = 26 - -19. Let x = 87 - a. Let r(y) = -y**2 + 28*y - 129. Let w be r(16). Calculate the greatest common divisor of w and x.
21
Let o(a) be the third derivative of 0*a + 0 + 13/24*a**4 + 0*a**3 - 2*a**2 - 1/60*a**5. Let c be o(9). What is the greatest common divisor of c and 4?
4
Suppose 5*y - 103 = 97. Calculate the highest common divisor of 440 and y.
40
Suppose -560 = -16*u + 14*u. Calculate the highest common divisor of u and 70.
70
Suppose 87*s - 155439 = -14*s. Calculate the highest common factor of s and 57.
57
Suppose 4*g - 7*n + 3*n - 4 = 0, -19 = -3*g - 5*n. Suppose 0*w + 4*w = -92. Let j be w/(-1) + -3 + 4. What is the greatest common factor of j and g?
3
Suppose -8*t + 98 - 66 = 0. Suppose 80 = 4*a - 16. Let w = a + -16. What is the greatest common divisor of t and w?
4
Let t be -774*(-4 + (-30)/(-9)). Calculate the highest common factor of 12 and t.
12
Suppose -u = -0*u - 2. Suppose 2*s = 5*z + 3699 + 3689, 4*z + 5896 = -2*s. Let a be z/(-54) - u/(-3). Calculate the highest common divisor of 7 and a.
7
Suppose 3*i = 5*p - 2990, 598 = p - 0*p - 4*i. Calculate the highest common divisor of p and 23.
23
Let b be (-2)/(-6 - 192/(-33)). Suppose -2*q = 0, -3*i + 4 = i + 2*q. Calculate the greatest common factor of b and i.
1
Suppose 2*n - 152 = -4*d, -2*n + 2*d + 26 = -102. What is the greatest common divisor of n and 272?
68
Suppose 12*f + 16*f = 441 + 819. Let p be (-2)/3*-12 - -1. What is the greatest common factor of f and p?
9
Let i be (-132)/(-55)*20/6. What is the highest common divisor of 36 and i?
4
Let o(b) = b**3 + 6*b**2 - 8*b - 7. Let g be o(-7). Let d be 165/11 + g + 1. Calculate the highest common divisor of 8 and d.
8
Suppose 17 = -2*i + 1. Let y = 7 - i. What is the greatest common divisor of 6 and y?
3
Let d(g) = 12*g**2 - 17*g - 3. Let n be d(3). Calculate the highest common divisor of n and 81.
27
Let j = 51 + 0. Suppose 0 = a - 6 + j. Let g be a/18*1*-4. Calculate the highest common divisor of 10 and g.
10
Let s(q) = -2*q**3 - 2*q**2 - 2*q - 2. Suppose 5*p + 4 = -6. Let b be s(p). Let h = -21 + 36. What is the greatest common factor of b and h?
5
Let i be (-2 + 1)/(11/(-110)). Suppose 88 = 8*r - 152. Suppose 5*g = r + 20. What is the greatest common factor of i and g?
10
Let f(u) = -7*u**2 + 2 + 0*u**2 + 1 + 2*u - 5*u - u**3. Let w be f(-8). Calculate the highest common divisor of 13 and w.
13
Suppose -11 - 29 = -3*z + 4*n, -2*z = -3*n - 25. What is the greatest common factor of 8 and z?
4
Suppose -5*j + 3*z + 424 = -16, -3*z = 2*j - 197. Calculate the greatest common factor of j and 455.
91
Let w(r) = 5*r**2 - 102*r - 15. Let k be w(21). What is the highest common divisor of k and 14?
2
Let i(w) = -w**3 - 11*w**2 - 9*w + 12. Let z be i(-10). Let r be (z - 4)*3/(-2). Suppose -2*a + 1595 = r*a. Calculate the highest common factor of a and 29.
29
Let b be (-102)/(-357) - ((-26)/(-7))/(-1). Let i = 10 - b. Suppose 0 = -2*o + 6*o - 36. What is the highest common divisor of o and i?
3
Let w be (-12)/8 + (-8658)/(-12). What is the highest common divisor of w and 45?
45
Let x = 89 - 50. Suppose 10224 + 8523 = 89*s - 12492. What is the highest common factor of s and x?
39
Let u = 69 - 24. What is the highest common divisor of 117 and u?
9
Suppose -2*z - o + 199 = 0, -o = 4*o - 15. Suppose 3*j + 3*m = -90, -4*j + 3 - 118 = 3*m. Let w = j + 39. What is the greatest common divisor of w and z?
14
Suppose 0 = 5*b + 7 + 38. Let g be (-3)/(-2)*(-84)/b. Let p be 4 - -8*2/(32/188). What is the highest common factor of p and g?
14
Suppose -5*q + 2*a = 21, -q + 3 = 2*a - 0. Suppose 5*f + 0*f = -90. Let g = q - f. What is the greatest common divisor of g and 60?
15
Let f(m) = m. Let u be f(4). Suppose 0 = -u*b - 0*b. Suppose p + b*p + w - 5 = 0, -3*p + 4*w = -36. Calculate the greatest common divisor of p and 64.
8
Suppose 4*u = 7*u - 162. Let r(n) = 3*n**2 + 4*n - 38. Let j be r(-7). Calculate the greatest common factor of u and j.
27
Suppose 3*u - 5*u - 78 = 0. Let i =